 6 - (5 - (l + 1))?
4
Let v = -85 - -79. What is the tens digit of (8/v)/(2/(-66))?
4
Let v(n) = -n**2 + 111*n + 889. What is the thousands digit of v(53)?
3
Suppose -7*w + 18 = -5*w. Let b(u) = 3*u - 22. What is the units digit of b(w)?
5
Let q(j) = -1. Let d(o) = 6*o - 3. Let y(r) = d(r) - 3*q(r). Let s(i) = -i**2 + 7*i - 5. Let k be s(6). What is the units digit of y(k)?
6
What is the hundreds digit of -7*4/210 - (-50732)/15?
3
Suppose -69*z + 13866 = -324027. What is the thousands digit of z?
4
Suppose 3*g - 15 = -3, g = 2*d + 2. Suppose -131 = 5*f + 3*n - d, -3*f = n + 74. Let u = f + 40. What is the tens digit of u?
1
Let g(z) be the third derivative of -z**5/10 + z**3/3 + 7*z**2. Let n be g(-3). Let w = -36 - n. What is the tens digit of w?
1
Suppose -2504 = 133*t - 141*t. What is the tens digit of t?
1
Let i be (-10)/5*-1 + (0 - 329). Let q = -138 - i. What is the units digit of q?
9
Let n = -118 - -128. What is the units digit of n?
0
Let r(d) = d - 13. Let g(j) = -j + 6. Let n(c) = 14*g(c) + 6*r(c). Let o be n(-7). Suppose -o = -m - s, 2*m - s - 109 = -0*s. What is the tens digit of m?
5
Let q = 5864 + -2372. What is the units digit of q?
2
Suppose -104*t = -97*t - 12089. What is the units digit of t?
7
Let t(v) = 5*v + 149. Let f(i) = 3*i**2 - 20*i + 12. Let z be f(6). What is the tens digit of t(z)?
4
Suppose 6*h = 9*h - 9. What is the hundreds digit of 194 - ((-6)/(-6) + h)?
1
Suppose 3*g = 0, 2205 + 2519 = 2*y - 5*g. What is the thousands digit of y?
2
Let x(b) = 2*b**2 - 8*b - 4. Let y = -3 - -5. Let k(q) = q**2 + q + 2. Let h be k(y). What is the units digit of x(h)?
0
Let b be 6/(-10) + (-4)/10. Let n(t) be the first derivative of 5*t**3 - t + 7. What is the tens digit of n(b)?
1
Let n(s) = s**2 - s + 7. Let o be n(0). Suppose 0 = -5*z - o*a + 3*a + 613, 15 = -5*a. What is the units digit of z?
5
Let k = 14 - 16. Let l be 7 - (1 - -1)/k. Let h = 14 + l. What is the units digit of h?
2
Let n(c) = 114*c - 22. Let v be n(7). Suppose 0 = 4*r + 2*a - v, -2*a - a + 12 = 0. What is the units digit of r?
2
Let a = -9 + 19. Suppose -58*v + 8 = -59*v. Let r = v + a. What is the units digit of r?
2
Suppose 60 = -0*n - 4*n. Let o = n + 9. Let i(g) = -g**3 - 4*g**2 + 8*g + 3. What is the units digit of i(o)?
7
Let u be 0 + (-112)/(-18) - (-8)/(-36). What is the hundreds digit of ((-26)/6)/(u/(-414))?
2
Let u(z) be the second derivative of -z**5/20 - z**4/4 + z**3/2 - 2*z. Let a be u(-6). Suppose 6*v = v + a. What is the units digit of v?
8
Let s be -5 + (-95)/10*2. Let h = 205 - s. What is the hundreds digit of h?
2
Let t be (-1)/(6/(-94)) - (-35)/105. Suppose -4*s - 6 = -i, -2*i + s + 3*s = -t. What is the tens digit of i?
1
Let l = -26 + 79. Suppose -o + l + 6 = 0. What is the tens digit of o?
5
Let s = -3 + -8. What is the tens digit of (s/22)/((-2)/48)?
1
Suppose -15*r + 12*r - 9 = 0. What is the tens digit of (-3 - r) + 2 + 112?
1
Suppose 7*t = t + 6. Suppose -i - 4 + 0 = -4*a, -t = 4*i - a. Suppose -72 = -3*b - i*b. What is the units digit of b?
4
Suppose -17 = -5*k + 2*f, -2*k + f = -0*k - 6. Suppose -o - k*o + 360 = 0. What is the tens digit of o?
6
Let r(y) = -4*y**2 - 12*y - 1. Let o(b) = 3*b**2 + 11*b + 2. Let q(u) = -3*o(u) - 2*r(u). Let z be 4/(-10) - 66/10. What is the units digit of q(z)?
0
Suppose -1930 = 2*q - 5*t + 2070, -q - 2*t = 2009. What is the units digit of q/(-15) + 2/(-3)?
3
Let m(k) = 2*k - 7. Let h be ((-6)/3 - -8) + 2. Suppose 0 + h = w. What is the units digit of m(w)?
9
Suppose 20 = 3*h + h. Let x(y) = -6*y + h*y - y**2 + 21 + 9 - 3. What is the tens digit of x(0)?
2
Let h be 1 + (-188)/(-2) + 1. Suppose n = 7 + h. What is the hundreds digit of n?
1
Let k = 9 + -4. Let g(y) = -2*y + k - 4 - 7. What is the units digit of g(-5)?
4
Let n(i) = 12*i**2 + 6*i - 29. What is the tens digit of n(5)?
0
Let r(b) = 10*b**2 - 33*b + 18. What is the tens digit of r(9)?
3
Let j(a) = 42*a**2 - 18*a - 2. What is the hundreds digit of j(8)?
5
Let n be 46/4 + 2/4. Let u = n + 23. What is the units digit of u/(-2)*(-24)/14?
0
Let q be (-3 - -2) + -8 - 1. Let f = 14 + q. Suppose 3*h - p = p + 75, f*h = 4*p + 100. What is the units digit of h?
5
Suppose 0 = 8*t - 11*t. Let i be (t*(-1)/(-4))/1. Suppose i = 4*v - 66 - 18. What is the units digit of v?
1
What is the tens digit of (-2 + 12/8)/(2/(-884))?
2
Let j be 9 + 10 + (0 - -1). Let b = 75 - j. What is the tens digit of b?
5
Let u = 9588 - 5443. What is the units digit of u?
5
Let x(t) = 2*t**2 - 2*t - 8. Let b be x(-2). Suppose 3*s + 5*q = 232, -2*s + b*q + 130 = -54. What is the tens digit of s?
8
Let t(o) = 2*o**2 - 12*o + 1. Let z be t(-5). Suppose -g + 3*g - z = -s, s - 53 = -g. What is the units digit of g?
8
Let r = 5257 + -3330. What is the thousands digit of r?
1
Let q be (5 - 0)*14/5. Suppose -2*b + 2*z = -q, -2*z = z + 9. Suppose 8*i - 16 = b*i. What is the units digit of i?
4
Let n(l) = -52*l - 233. What is the hundreds digit of n(-30)?
3
Let n be ((-1281)/28 - 5)/((-2)/(-8)). Let r = 343 + n. What is the tens digit of r?
4
Let x(j) = -j**2 + 23*j + 9. Let y be x(4). Suppose 38 = 4*g - 154. Let n = y - g. What is the units digit of n?
7
Let z be 3/(-9) - 20/(-6). Let b be (-10)/15 - (-2)/z. Suppose -4*l + 10 + 10 = b. What is the units digit of l?
5
Let g be 5*42 + (2 - -1). Suppose 5*o + 3*v = g, -2*o + 4*v + 206 = 3*o. Suppose -5*u + 58 = -o. What is the units digit of u?
0
Let y(f) be the first derivative of f**4/4 - 7*f**3/3 + f**2 - 44*f - 48. What is the units digit of y(9)?
6
Suppose -5*z + 3*q = -478, -5*z - 6*q + 506 = -2*q. Suppose -3*w - s = 2*w - z, 0 = 3*s + 6. What is the units digit of w?
0
Let b = -1542 - -2862. What is the hundreds digit of b?
3
Let o(g) = -g**3 - 15*g**2 + 4*g. What is the tens digit of o(-16)?
9
Let t(h) = -h**3 - 3*h**2 - h - 3. Let f be t(-3). Let s = 31 + f. Suppose -2*o - 2*c + s + 35 = 0, -5*c - 105 = -4*o. What is the units digit of o?
0
Suppose 14*s - 104 = 6*s. What is the tens digit of (-155)/(-1) - (s + -13)?
5
What is the units digit of 1 + (427 - 1) - 6/6?
6
Suppose -27*w + 24*w + 1746 = -3*k, 4*w = 3*k + 2331. What is the units digit of w?
5
Let d(l) = -6*l + 20. Let x be d(3). Suppose x*w - z = 5*w - 47, 3*w - 49 = -2*z. What is the tens digit of w?
1
Suppose 3*v - 27 + 9 = 0. Let g be (4/6)/((-4)/v). What is the tens digit of -2 + 5 + (g - -15)?
1
Let w(o) = -o + 6. Let z be 322/(-42) + 2/(-6). What is the tens digit of w(z)?
1
Suppose 1260 = 171*d - 162*d. What is the tens digit of d?
4
Let i(t) = -t + 4. Let n be i(1). Suppose -d + 344 = 3*u, 0 = -u - n*d + 12 + 108. What is the tens digit of u?
1
Suppose -13 = 2*u + 13. Let g = -10 - u. What is the units digit of -1*(-3 - 35) - g?
5
Suppose -7*y = -5*y - 10. Suppose -21 = -r + 2*a, -117 + 0 = -y*r + 4*a. Suppose -k + r = -3*w, -4*k + 2 = 3*w - 38. What is the tens digit of k?
1
Let t = -1 + 5. Suppose 0 = t*w + 5*v - 224, -2*v + 0*v = -4*w + 224. Suppose 5*z - 42 = -q, -3*q = -q + 3*z - w. What is the units digit of q?
2
Suppose f + 38 = -5*r, 4*r + 47 = -r - 4*f. What is the units digit of (-2 + 6/2)*(r + 13)?
6
Let a(s) = -217*s**2 - 11*s + 10. Let c(p) = 435*p**2 + 21*p - 19. Let d(u) = 7*a(u) + 4*c(u). What is the tens digit of d(1)?
2
Let o(v) = 3 + 2*v**2 - 5 + v**2 - 3. What is the units digit of o(6)?
3
Let z = -659 - -1641. What is the tens digit of z?
8
Suppose 3*u + 5*z = 28, 4*u + 4*z - 14 = 2*z. Suppose -c = -u - 6. What is the units digit of c?
7
Let n = 89 + 3445. What is the thousands digit of n?
3
Let l be 65/(-10) + 0 + (-2)/(-4). What is the units digit of (-1)/(-2)*(40 - l)?
3
Suppose 2*l + 0*l - 48 = 0. Suppose -4*x - 12 = -l. Suppose j = -4*d - x*j + 80, 5*d - 3*j = 124. What is the units digit of d?
3
Let m(g) = -2*g**3 + 29*g**2 + 1. What is the units digit of m(12)?
1
Suppose -12 = 5*y - y, -3*f = 2*y - 9. Suppose -3*b - 5*t = -46, f*b = t + 46 + 12. What is the tens digit of b?
1
Let d be (9/15)/(6/(-30)). Let s be 195 + 4/((-12)/d). Suppose -4*k = -5*v - s, -4*k + 0*k - 4*v = -160. What is the units digit of k?
4
Let j(z) = -z**3 + z**2 - z + 34. Suppose 2*x = 3*f - 5*f, f = 2*x. What is the tens digit of j(x)?
3
Let l(c) = -c**3 + 10*c**2 + 21*c**2 - 24*c**2 - 3 + 0 - c. What is the units digit of l(6)?
7
Let t = 0 - -60. Let h = 